{"id":231,"date":"2022-03-29T13:12:47","date_gmt":"2022-03-29T13:12:47","guid":{"rendered":"http:\/\/localhost\/mairie\/?page_id=231"},"modified":"2023-11-27T08:43:07","modified_gmt":"2023-11-27T08:43:07","slug":"commerces","status":"publish","type":"page","link":"https:\/\/lescun.fr\/index.php\/commerces\/","title":{"rendered":"Commerces"},"content":{"rendered":"\n<div class=\"eb-parent-wrapper eb-parent-eb-post-grid-qun82ns \">\n    <div\n        class=\"eb-post-grid-qun82ns style-3  eb-post-grid-wrapper\"\n        data-id=\"eb-post-grid-qun82ns\"\n        data-querydata=\"{&quot;source&quot;:&quot;post&quot;,&quot;sourceIndex&quot;:0,&quot;rest_base&quot;:&quot;posts&quot;,&quot;rest_namespace&quot;:&quot;wp\\\/v2&quot;,&quot;author&quot;:&quot;&quot;,&quot;taxonomies&quot;:{&quot;category&quot;:{&quot;name&quot;:&quot;Cat\\u00e9gories&quot;,&quot;rest_base&quot;:&quot;categories&quot;,&quot;rest_namespace&quot;:&quot;wp\\\/v2&quot;,&quot;slug&quot;:&quot;category&quot;,&quot;value&quot;:&quot;[{\\&quot;value\\&quot;:19,\\&quot;label\\&quot;:\\&quot;Commerces\\&quot;}]&quot;}},&quot;per_page&quot;:&quot;6&quot;,&quot;offset&quot;:&quot;0&quot;,&quot;orderby&quot;:&quot;date&quot;,&quot;order&quot;:&quot;desc&quot;,&quot;include&quot;:&quot;&quot;,&quot;exclude&quot;:&quot;&quot;,&quot;exclude_current&quot;:false}\"\n        data-attributes=\"{&quot;thumbnailSize&quot;:&quot;&quot;,&quot;loadMoreOptions&quot;:{&quot;enableMorePosts&quot;:false,&quot;loadMoreType&quot;:&quot;1&quot;,&quot;loadMoreButtonTxt&quot;:&quot;Load More&quot;,&quot;alignment&quot;:&quot;center&quot;,&quot;prevTxt&quot;:&quot;&lt;&quot;,&quot;nextTxt&quot;:&quot;&gt;&quot;,&quot;totalPosts&quot;:5},&quot;preset&quot;:&quot;style-3&quot;,&quot;showThumbnail&quot;:true,&quot;showTitle&quot;:true,&quot;titleLength&quot;:&quot;&quot;,&quot;titleTag&quot;:&quot;h2&quot;,&quot;showContent&quot;:true,&quot;contentLength&quot;:20,&quot;expansionIndicator&quot;:&quot;...&quot;,&quot;showReadMore&quot;:false,&quot;readmoreText&quot;:&quot;Read More&quot;,&quot;showMeta&quot;:true,&quot;headerMeta&quot;:&quot;[{\\&quot;value\\&quot;:\\&quot;date\\&quot;,\\&quot;label\\&quot;:\\&quot;Published Date\\&quot;}]&quot;,&quot;footerMeta&quot;:&quot;[{\\&quot;label\\&quot;:\\&quot;Cat\\u00e9gories\\&quot;,\\&quot;value\\&quot;:\\&quot;category\\&quot;}]&quot;,&quot;authorPrefix&quot;:&quot;by&quot;,&quot;datePrefix&quot;:&quot;on&quot;}\">\n\n\t\t<article class=\"ebpg-grid-post ebpg-post-grid-column\" data-id=\"588\"><div class=\"ebpg-grid-post-holder\"><div class=\"ebpg-entry-media\">\n                <div class=\"ebpg-entry-thumbnail\">\n                    <a class=\"ebpg-post-link-wrapper\" href=\"https:\/\/lescun.fr\/index.php\/2023\/07\/25\/588\/\"><\/a>\n                    <img loading=\"lazy\" decoding=\"async\" width=\"1920\" height=\"2560\" src=\"https:\/\/lescun.fr\/wp-content\/uploads\/2023\/07\/IMG_2991-2-scaled.jpg\" class=\"attachment- size- wp-post-image\" alt=\"\" \/>\n                <\/div>\n            <\/div><div class=\"ebpg-entry-wrapper\"><header class=\"ebpg-entry-header\">\n            <h2 class=\"ebpg-entry-title\">\n                <a class=\"ebpg-grid-post-link\" href=\"https:\/\/lescun.fr\/index.php\/2023\/07\/25\/588\/\" title=\"Atelier Miss Terre\">Atelier Miss Terre<\/a>\n            <\/h2>\n        <\/header><div class=\"ebpg-entry-meta ebpg-header-meta\"><div class=\"ebpg-entry-meta-items\"><span class=\"ebpg-posted-on\">\n            on <time dateTime=\"2023-07-25T09:09:30+00:00\">juillet 25, 2023<\/time>\n        <\/span><\/div><\/div><div class=\"ebpg-entry-content\"><div class=\"ebpg-grid-post-excerpt\">\n            <p>Dans l\u2019Atelier Miss Terre d\u00e9couvrez une production artisanale de c\u00e9ramiques en gr\u00e8s blanc. Les \u00e9maux sont \u00e9labor\u00e9s sur place. Les&#8230;<\/p>\n        <\/div><\/div><div class=\"ebpg-entry-meta ebpg-footer-meta\"><div class=\"ebpg-entry-meta-items\"><div class=\"ebpg-meta ebpg-categories-meta\"><a href=\"https:\/\/lescun.fr\/index.php\/category\/commerces\/\" title=\"Commerces\">Commerces<\/a><\/div><\/div><\/div><\/div><\/div><\/article><article class=\"ebpg-grid-post ebpg-post-grid-column\" data-id=\"563\"><div class=\"ebpg-grid-post-holder\"><div class=\"ebpg-entry-media\">\n                <div class=\"ebpg-entry-thumbnail\">\n                    <a class=\"ebpg-post-link-wrapper\" href=\"https:\/\/lescun.fr\/index.php\/2023\/07\/04\/fromage-fermier-chez-anne-marie-moreno\/\"><\/a>\n                    <img loading=\"lazy\" decoding=\"async\" width=\"412\" height=\"319\" src=\"https:\/\/lescun.fr\/wp-content\/uploads\/2023\/07\/anne-marie-moreno.png\" class=\"attachment- size- wp-post-image\" alt=\"\" \/>\n                <\/div>\n            <\/div><div class=\"ebpg-entry-wrapper\"><header class=\"ebpg-entry-header\">\n            <h2 class=\"ebpg-entry-title\">\n                <a class=\"ebpg-grid-post-link\" href=\"https:\/\/lescun.fr\/index.php\/2023\/07\/04\/fromage-fermier-chez-anne-marie-moreno\/\" title=\"Fromage fermier chez Anne-Marie Moreno\">Fromage fermier chez Anne-Marie Moreno<\/a>\n            <\/h2>\n        <\/header><div class=\"ebpg-entry-meta ebpg-header-meta\"><div class=\"ebpg-entry-meta-items\"><span class=\"ebpg-posted-on\">\n            on <time dateTime=\"2023-07-04T08:04:54+00:00\">juillet 4, 2023<\/time>\n        <\/span><\/div><\/div><div class=\"ebpg-entry-content\"><div class=\"ebpg-grid-post-excerpt\">\n            <p>&#8230;<\/p>\n        <\/div><\/div><div class=\"ebpg-entry-meta ebpg-footer-meta\"><div class=\"ebpg-entry-meta-items\"><div class=\"ebpg-meta ebpg-categories-meta\"><a href=\"https:\/\/lescun.fr\/index.php\/category\/commerces\/\" title=\"Commerces\">Commerces<\/a><\/div><\/div><\/div><\/div><\/div><\/article><article class=\"ebpg-grid-post ebpg-post-grid-column\" data-id=\"559\"><div class=\"ebpg-grid-post-holder\"><div class=\"ebpg-entry-media\">\n                <div class=\"ebpg-entry-thumbnail\">\n                    <a class=\"ebpg-post-link-wrapper\" href=\"https:\/\/lescun.fr\/index.php\/2023\/07\/04\/gite-maison-ourtasse\/\"><\/a>\n                    <img loading=\"lazy\" decoding=\"async\" width=\"458\" height=\"459\" src=\"https:\/\/lescun.fr\/wp-content\/uploads\/2023\/07\/maison-ourtasse.png\" class=\"attachment- size- wp-post-image\" alt=\"\" \/>\n                <\/div>\n            <\/div><div class=\"ebpg-entry-wrapper\"><header class=\"ebpg-entry-header\">\n            <h2 class=\"ebpg-entry-title\">\n                <a class=\"ebpg-grid-post-link\" href=\"https:\/\/lescun.fr\/index.php\/2023\/07\/04\/gite-maison-ourtasse\/\" title=\"Gite Maison Ourtasse\">Gite Maison Ourtasse<\/a>\n            <\/h2>\n        <\/header><div class=\"ebpg-entry-meta ebpg-header-meta\"><div class=\"ebpg-entry-meta-items\"><span class=\"ebpg-posted-on\">\n            on <time dateTime=\"2023-07-04T08:02:50+00:00\">juillet 4, 2023<\/time>\n        <\/span><\/div><\/div><div class=\"ebpg-entry-content\"><div class=\"ebpg-grid-post-excerpt\">\n            <p>&#8230;<\/p>\n        <\/div><\/div><div class=\"ebpg-entry-meta ebpg-footer-meta\"><div class=\"ebpg-entry-meta-items\"><div class=\"ebpg-meta ebpg-categories-meta\"><a href=\"https:\/\/lescun.fr\/index.php\/category\/commerces\/\" title=\"Commerces\">Commerces<\/a><\/div><\/div><\/div><\/div><\/div><\/article><article class=\"ebpg-grid-post ebpg-post-grid-column\" data-id=\"555\"><div class=\"ebpg-grid-post-holder\"><div class=\"ebpg-entry-media\">\n                <div class=\"ebpg-entry-thumbnail\">\n                    <a class=\"ebpg-post-link-wrapper\" href=\"https:\/\/lescun.fr\/index.php\/2023\/07\/04\/epicerie-de-lescun\/\"><\/a>\n                    <img loading=\"lazy\" decoding=\"async\" width=\"1171\" height=\"566\" src=\"https:\/\/lescun.fr\/wp-content\/uploads\/2023\/07\/epicerie-photo.png\" class=\"attachment- size- wp-post-image\" alt=\"\" \/>\n                <\/div>\n            <\/div><div class=\"ebpg-entry-wrapper\"><header class=\"ebpg-entry-header\">\n            <h2 class=\"ebpg-entry-title\">\n                <a class=\"ebpg-grid-post-link\" href=\"https:\/\/lescun.fr\/index.php\/2023\/07\/04\/epicerie-de-lescun\/\" title=\"Epicerie de Lescun\">Epicerie de Lescun<\/a>\n            <\/h2>\n        <\/header><div class=\"ebpg-entry-meta ebpg-header-meta\"><div class=\"ebpg-entry-meta-items\"><span class=\"ebpg-posted-on\">\n            on <time dateTime=\"2023-07-04T07:53:52+00:00\">juillet 4, 2023<\/time>\n        <\/span><\/div><\/div><div class=\"ebpg-entry-content\"><div class=\"ebpg-grid-post-excerpt\">\n            <p>&#8230;<\/p>\n        <\/div><\/div><div class=\"ebpg-entry-meta ebpg-footer-meta\"><div class=\"ebpg-entry-meta-items\"><div class=\"ebpg-meta ebpg-categories-meta\"><a href=\"https:\/\/lescun.fr\/index.php\/category\/commerces\/\" title=\"Commerces\">Commerces<\/a><\/div><\/div><\/div><\/div><\/div><\/article><article class=\"ebpg-grid-post ebpg-post-grid-column\" data-id=\"547\"><div class=\"ebpg-grid-post-holder\"><div class=\"ebpg-entry-media\">\n            <div class=\"ebpg-entry-thumbnail\">\n                <img decoding=\"async\" src=\"https:\/\/lescun.fr\/wp-content\/plugins\/essential-blocks\/assets\/images\/placeholder.png\" alt=\"No Thumbnail Found\">\n            <\/div>\n        <\/div><div class=\"ebpg-entry-wrapper\"><header class=\"ebpg-entry-header\">\n            <h2 class=\"ebpg-entry-title\">\n                <a class=\"ebpg-grid-post-link\" href=\"https:\/\/lescun.fr\/index.php\/2023\/07\/04\/elementor-547\/\" title=\"H\u00f4tel du Pic d&#039;Anie\">H\u00f4tel du Pic d&#8217;Anie<\/a>\n            <\/h2>\n        <\/header><div class=\"ebpg-entry-meta ebpg-header-meta\"><div class=\"ebpg-entry-meta-items\"><span class=\"ebpg-posted-on\">\n            on <time dateTime=\"2023-07-04T07:49:29+00:00\">juillet 4, 2023<\/time>\n        <\/span><\/div><\/div><div class=\"ebpg-entry-content\"><div class=\"ebpg-grid-post-excerpt\">\n            <p>&#8230;<\/p>\n        <\/div><\/div><div class=\"ebpg-entry-meta ebpg-footer-meta\"><div class=\"ebpg-entry-meta-items\"><div class=\"ebpg-meta ebpg-categories-meta\"><a href=\"https:\/\/lescun.fr\/index.php\/category\/commerces\/\" title=\"Commerces\">Commerces<\/a><a href=\"https:\/\/lescun.fr\/index.php\/category\/conseil\/\" title=\"Conseil municipal\">Conseil municipal<\/a><\/div><\/div><\/div><\/div><\/div><\/article>    <\/div>\n<\/div>\n","protected":false},"excerpt":{"rendered":"","protected":false},"author":1,"featured_media":0,"parent":0,"menu_order":0,"comment_status":"closed","ping_status":"closed","template":"","meta":{"_eb_attr":"","wpupg_custom_link":[],"wpupg_custom_link_behaviour":[],"wpupg_custom_image":[],"wpupg_custom_image_id":[],"_ti_tpc_template_sync":false,"_ti_tpc_template_id":"","footnotes":""},"class_list":["post-231","page","type-page","status-publish","hentry","entry"],"yoast_head":"<!-- This site is optimized with the Yoast SEO plugin v21.2 - https:\/\/yoast.com\/wordpress\/plugins\/seo\/ -->\n<title>Commerces - Mairie Lescun<\/title>\n<meta name=\"robots\" content=\"index, follow, max-snippet:-1, max-image-preview:large, max-video-preview:-1\" \/>\n<link rel=\"canonical\" href=\"https:\/\/lescun.fr\/index.php\/commerces\/\" \/>\n<meta property=\"og:locale\" content=\"fr_FR\" \/>\n<meta property=\"og:type\" content=\"article\" \/>\n<meta property=\"og:title\" content=\"Commerces - Mairie Lescun\" \/>\n<meta property=\"og:url\" content=\"https:\/\/lescun.fr\/index.php\/commerces\/\" \/>\n<meta property=\"og:site_name\" content=\"Mairie Lescun\" \/>\n<meta property=\"article:publisher\" content=\"https:\/\/www.facebook.com\/lescun64\/\" \/>\n<meta property=\"article:modified_time\" content=\"2023-11-27T08:43:07+00:00\" \/>\n<meta name=\"twitter:card\" content=\"summary_large_image\" \/>\n<script type=\"application\/ld+json\" class=\"yoast-schema-graph\">{\"@context\":\"https:\/\/schema.org\",\"@graph\":[{\"@type\":\"WebPage\",\"@id\":\"https:\/\/lescun.fr\/index.php\/commerces\/\",\"url\":\"https:\/\/lescun.fr\/index.php\/commerces\/\",\"name\":\"Commerces - Mairie Lescun\",\"isPartOf\":{\"@id\":\"https:\/\/lescun.fr\/#website\"},\"datePublished\":\"2022-03-29T13:12:47+00:00\",\"dateModified\":\"2023-11-27T08:43:07+00:00\",\"breadcrumb\":{\"@id\":\"https:\/\/lescun.fr\/index.php\/commerces\/#breadcrumb\"},\"inLanguage\":\"fr-FR\",\"potentialAction\":[{\"@type\":\"ReadAction\",\"target\":[\"https:\/\/lescun.fr\/index.php\/commerces\/\"]}]},{\"@type\":\"BreadcrumbList\",\"@id\":\"https:\/\/lescun.fr\/index.php\/commerces\/#breadcrumb\",\"itemListElement\":[{\"@type\":\"ListItem\",\"position\":1,\"name\":\"Accueil\",\"item\":\"https:\/\/lescun.fr\/\"},{\"@type\":\"ListItem\",\"position\":2,\"name\":\"Commerces\"}]},{\"@type\":\"WebSite\",\"@id\":\"https:\/\/lescun.fr\/#website\",\"url\":\"https:\/\/lescun.fr\/\",\"name\":\"Mairie Lescun\",\"description\":\"Site de la commune de Lescun\",\"publisher\":{\"@id\":\"https:\/\/lescun.fr\/#organization\"},\"potentialAction\":[{\"@type\":\"SearchAction\",\"target\":{\"@type\":\"EntryPoint\",\"urlTemplate\":\"https:\/\/lescun.fr\/?s={search_term_string}\"},\"query-input\":\"required name=search_term_string\"}],\"inLanguage\":\"fr-FR\"},{\"@type\":\"Organization\",\"@id\":\"https:\/\/lescun.fr\/#organization\",\"name\":\"Mairie Lescun\",\"url\":\"https:\/\/lescun.fr\/\",\"logo\":{\"@type\":\"ImageObject\",\"inLanguage\":\"fr-FR\",\"@id\":\"https:\/\/lescun.fr\/#\/schema\/logo\/image\/\",\"url\":\"https:\/\/lescun.fr\/wp-content\/uploads\/2022\/02\/vache.png\",\"contentUrl\":\"https:\/\/lescun.fr\/wp-content\/uploads\/2022\/02\/vache.png\",\"width\":800,\"height\":800,\"caption\":\"Mairie Lescun\"},\"image\":{\"@id\":\"https:\/\/lescun.fr\/#\/schema\/logo\/image\/\"},\"sameAs\":[\"https:\/\/www.facebook.com\/lescun64\/\"]}]}<\/script>\n<!-- \/ Yoast SEO plugin. -->","yoast_head_json":{"title":"Commerces - Mairie Lescun","robots":{"index":"index","follow":"follow","max-snippet":"max-snippet:-1","max-image-preview":"max-image-preview:large","max-video-preview":"max-video-preview:-1"},"canonical":"https:\/\/lescun.fr\/index.php\/commerces\/","og_locale":"fr_FR","og_type":"article","og_title":"Commerces - Mairie Lescun","og_url":"https:\/\/lescun.fr\/index.php\/commerces\/","og_site_name":"Mairie Lescun","article_publisher":"https:\/\/www.facebook.com\/lescun64\/","article_modified_time":"2023-11-27T08:43:07+00:00","twitter_card":"summary_large_image","schema":{"@context":"https:\/\/schema.org","@graph":[{"@type":"WebPage","@id":"https:\/\/lescun.fr\/index.php\/commerces\/","url":"https:\/\/lescun.fr\/index.php\/commerces\/","name":"Commerces - Mairie Lescun","isPartOf":{"@id":"https:\/\/lescun.fr\/#website"},"datePublished":"2022-03-29T13:12:47+00:00","dateModified":"2023-11-27T08:43:07+00:00","breadcrumb":{"@id":"https:\/\/lescun.fr\/index.php\/commerces\/#breadcrumb"},"inLanguage":"fr-FR","potentialAction":[{"@type":"ReadAction","target":["https:\/\/lescun.fr\/index.php\/commerces\/"]}]},{"@type":"BreadcrumbList","@id":"https:\/\/lescun.fr\/index.php\/commerces\/#breadcrumb","itemListElement":[{"@type":"ListItem","position":1,"name":"Accueil","item":"https:\/\/lescun.fr\/"},{"@type":"ListItem","position":2,"name":"Commerces"}]},{"@type":"WebSite","@id":"https:\/\/lescun.fr\/#website","url":"https:\/\/lescun.fr\/","name":"Mairie Lescun","description":"Site de la commune de Lescun","publisher":{"@id":"https:\/\/lescun.fr\/#organization"},"potentialAction":[{"@type":"SearchAction","target":{"@type":"EntryPoint","urlTemplate":"https:\/\/lescun.fr\/?s={search_term_string}"},"query-input":"required name=search_term_string"}],"inLanguage":"fr-FR"},{"@type":"Organization","@id":"https:\/\/lescun.fr\/#organization","name":"Mairie Lescun","url":"https:\/\/lescun.fr\/","logo":{"@type":"ImageObject","inLanguage":"fr-FR","@id":"https:\/\/lescun.fr\/#\/schema\/logo\/image\/","url":"https:\/\/lescun.fr\/wp-content\/uploads\/2022\/02\/vache.png","contentUrl":"https:\/\/lescun.fr\/wp-content\/uploads\/2022\/02\/vache.png","width":800,"height":800,"caption":"Mairie Lescun"},"image":{"@id":"https:\/\/lescun.fr\/#\/schema\/logo\/image\/"},"sameAs":["https:\/\/www.facebook.com\/lescun64\/"]}]}},"_links":{"self":[{"href":"https:\/\/lescun.fr\/index.php\/wp-json\/wp\/v2\/pages\/231","targetHints":{"allow":["GET"]}}],"collection":[{"href":"https:\/\/lescun.fr\/index.php\/wp-json\/wp\/v2\/pages"}],"about":[{"href":"https:\/\/lescun.fr\/index.php\/wp-json\/wp\/v2\/types\/page"}],"author":[{"embeddable":true,"href":"https:\/\/lescun.fr\/index.php\/wp-json\/wp\/v2\/users\/1"}],"replies":[{"embeddable":true,"href":"https:\/\/lescun.fr\/index.php\/wp-json\/wp\/v2\/comments?post=231"}],"version-history":[{"count":5,"href":"https:\/\/lescun.fr\/index.php\/wp-json\/wp\/v2\/pages\/231\/revisions"}],"predecessor-version":[{"id":667,"href":"https:\/\/lescun.fr\/index.php\/wp-json\/wp\/v2\/pages\/231\/revisions\/667"}],"wp:attachment":[{"href":"https:\/\/lescun.fr\/index.php\/wp-json\/wp\/v2\/media?parent=231"}],"curies":[{"name":"wp","href":"https:\/\/api.w.org\/{rel}","templated":true}]}}